= -3*u**3 - 241*u**2 - 644*u - 86429. Determine y(-82).
-1
Let r(c) = -8*c**2 - 2765*c + 28451. What is r(10)?
1
Let q(m) = -701*m - 84190. Calculate q(-120).
-70
Let w(u) = 1267*u - 100105. Calculate w(79).
-12
Let c(b) = -b**3 + 306*b**2 - 9*b + 4. Determine c(0).
4
Let l(q) = -37187*q - 483435. What is l(-13)?
-4
Let o(r) = 37*r - 5054. Give o(127).
-355
Let a(i) = -2*i**2 - 18895*i - 1961917. Calculate a(-105).
8
Let l(v) = v**3 - 6014*v**2 + 30107*v - 306. What is l(5)?
4
Let r(c) = c**2 + 115*c + 2588. Determine r(-64).
-676
Let g(i) = -i**3 + 15*i**2 + 68*i. Calculate g(-8).
928
Let y(i) = -i**3 + 67*i**2 + 276*i + 192. Calculate y(-3).
-6
Let r(j) = -288*j + 42467. What is r(150)?
-733
Let f(d) = -2*d**3 - 16*d**2 - 91*d - 817. Give f(-8).
-89
Let z(y) = 8*y**3 + 436*y**2 + 144*y - 3973. Calculate z(-54).
-85
Let h(s) = 3*s**2 - 571*s - 1528. What is h(192)?
-568
Let v(a) = -271*a - 1983. What is v(-7)?
-86
Let y(u) = -1309*u + 32522. Calculate y(26).
-1512
Let f(c) = 454*c**2 - 55841*c - 136. Calculate f(123).
-13
Let v(b) = 807*b**2 - 10*b - 189. Determine v(0).
-189
Let o(d) = 3488306*d + 3488305. What is o(-1)?
-1
Let v(j) = -j**2 - 421*j - 5849. Determine v(-14).
-151
Let a(w) = -157*w**2 + 234*w + 953. Give a(-4).
-2495
Let r(p) = 10*p**3 - 89*p**2 + 1822*p - 16433. What is r(9)?
46
Let c(f) = -2571*f + 162024. What is c(63)?
51
Let l(i) = i**2 + 141*i + 4900. Calculate l(-92).
392
Let n(m) = m**3 + 291*m**2 + 2611*m + 20495. Calculate n(-282).
-91
Let u(h) = -2763*h**2 + 192*h + 189. Give u(-1).
-2766
Let t(q) = q**3 - 118*q**2 + 118*q + 1440. Give t(-3).
-3
Let k(o) = -20*o - 118. Give k(7).
-258
Let b(s) = -s**2 + 89*s + 17219. What is b(-94)?
17
Let v(r) = -13*r**3 - 35*r**2 + 689*r - 114. Give v(6).
-48
Let s(h) = 5860522*h - 6. What is s(0)?
-6
Let j(c) = 2*c**3 + 417*c**2 + 14107*c - 126. What is j(-166)?
372
Let r(l) = -24167*l + 628328. Give r(26).
-14
Let u(w) = 110123*w - 7598494. What is u(69)?
-7
Let f(h) = 8*h**2 - 3033*h + 363. Calculate f(379).
-16
Let w(z) = 615520*z - 1846513. Give w(3).
47
Let i(f) = 153*f + 2963. Determine i(-18).
209
Let p(h) = -5*h**2 - 48109*h - 144315. What is p(-3)?
-33
Let v(s) = -3*s**3 - 700*s**2 - 229*s + 1268. Calculate v(-233).
336
Let l(s) = 1698*s - 44103. Give l(26).
45
Let f(w) = 497*w**2 + 306*w - 31. Determine f(-1).
160
Let l(c) = c**2 - 101*c - 30016. Determine l(-130).
14
Let w(v) = -355*v - 3260. Calculate w(-11).
645
Let w(t) = t**3 + 17*t**2 - 581*t - 10166. Calculate w(-18).
-32
Let x(f) = 2*f**2 + 179234*f - 2868260. Calculate x(16).
-4
Let u(b) = -502*b - 11603. Calculate u(-23).
-57
Let b(o) = -136*o**2 + 1620*o - 1338. Calculate b(11).
26
Let k(r) = 31704*r + 221870. Give k(-7).
-58
Let q(u) = 15*u**2 - 3689*u - 252. Calculate q(246).
-6
Let w(x) = 4*x**2 + 732*x - 10179. Determine w(-196).
13
Let g(k) = 2*k**3 + 44*k**2 + 271*k + 373. Calculate g(-12).
1
Let x(b) = -819*b + 26437. Determine x(32).
229
Let y(b) = -33*b + 1558. What is y(0)?
1558
Let m(k) = -k**3 - 75*k**2 - 1946*k - 138523. Determine m(-74).
5
Let a(r) = -2*r**2 + 635*r + 29471. Give a(-41).
74
Let u(j) = 666*j + 6707. What is u(-9)?
713
Let h(r) = 42462*r - 679384. Determine h(16).
8
Let w(s) = 139*s**2 - 1081*s - 34. Determine w(8).
214
Let t(i) = 768*i + 2110. Determine t(-3).
-194
Let i(k) = 7355*k - 125032. Calculate i(17).
3
Let a(z) = -4966*z + 34778. Determine a(7).
16
Let f(b) = b**2 + 550*b + 69846. Give f(-199).
-3
Let t(m) = -3*m**2 + 164*m - 1315. Calculate t(45).
-10
Let t(g) = -g**2 + 245*g + 119330. What is t(489)?
14
Let o(n) = -n**3 - 43*n**2 + 277*n + 8521. Calculate o(-45).
106
Let x(f) = -2*f**3 - 74*f**2 + 375*f + 1933. Calculate x(-41).
6
Let t(c) = -1389*c + 279189. Determine t(201).
0
Let m(u) = 181*u + 2313. What is m(-15)?
-402
Let w(d) = -3*d**2 - 2587*d - 70124. Determine w(-28).
-40
Let u(x) = 12*x**2 + 988*x + 10586. Calculate u(-11).
1170
Let o(g) = 2*g**3 + 29*g**2 + 36*g - 4. Calculate o(-3).
95
Let x(j) = -64*j - 8167. Give x(-124).
-231
Let y(q) = -3*q**2 - 31*q - 143. Determine y(-6).
-65
Let p(o) = o**3 + 17*o**2 + 46*o + 1272. Calculate p(-16).
792
Let d(n) = -n**3 - 16*n**2 + 46*n + 602. What is d(-17)?
109
Let l(h) = 194*h + 28950. Determine l(-149).
44
Let h(d) = -d**3 + 913*d**2 - 207187*d - 6330. Give h(422).
0
Let h(y) = 1564*y**2 - 115730*y - 459. What is h(74)?
-15
Let d(m) = 3*m**3 + 15*m**2 + 33*m - 18. Calculate d(-7).
-543
Let x(f) = -f**3 + 12*f**2 + 338*f - 278. Calculate x(-14).
86
Let h(m) = -m**3 + 43*m**2 + 194*m + 103. Determine h(47).
385
Let y(z) = z**3 + 105*z**2 - 440*z - 188. Determine y(-109).
248
Let b(w) = 43*w + 20. Determine b(1).
63
Let i(g) = 2382*g - 4764. Determine i(2).
0
Let l(f) = -31*f**3 - 341*f**2 - 11*f - 279. What is l(-11)?
-158
Let c(o) = 683690*o + 25296536. Calculate c(-37).
6
Let c(m) = -4*m**2 + 50*m - 287. Give c(13).
-313
Let o(f) = f**3 + 2*f**2 - 24*f + 66. Determine o(3).
39
Let q(y) = -27*y + 256. Give q(13).
-95
Let c(p) = 3*p**2 - 2469*p - 14703. What is c(-6)?
219
Let q(b) = -1457*b**2 - 7276*b + 35. Give q(-5).
-10
Let j(s) = 8*s**2 + 249*s - 114110. Give j(-136).
-6
Let x(u) = 2*u**2 - 778*u + 68730. What is x(135)?
150
Let a(i) = -21093*i - 5062331. Give a(-240).
-11
Let i(f) = 11*f**2 - 985*f + 13033. What is i(16)?
89
Let o(u) = u**3 - 8*u**2 - 45*u + 132. What is o(-5)?
32
Let m(x) = x**3 - 78*x**2 + 1436*x + 4. Determine m(48).
-188
Let g(q) = 13*q**3 - 5914*q**2 - 574*q + 54166. What is g(455)?
21
Let z(t) = t**3 - 129*t**2 + 192*t - 7718. What is z(128)?
474
Let f(s) = -2864*s - 88854. Give f(-31).
-70
Let l(f) = -505059*f + 8586008. What is l(17)?
5
Let c(n) = -n**2 - 11994*n + 820219. Calculate c(68).
3
Let m(u) = -u**3 + 12*u**2 - 62*u + 215. Calculate m(10).
-205
Let l(d) = -d**3 - 1658*d**2 + 3893*d + 951170. Determine l(-1660).
-10
Let q(d) = -d**3 - 150*d**2 - 1655*d - 125. Calculate q(-12).
-137
Let q(p) = 180*p**2 + 81*p - 159. Give q(3).
1704
Let r(g) = -16*g**3 - 5*g**2 - 26*g - 58. Calculate r(-2).
102
Let l(p) = 2353370*p + 7060108. Determine l(-3).
-2
Let c(n) = -2273*n - 6824. Calculate c(-3).
-5
Let u(s) = 255*s**2 + 68348*s + 2111. What is u(-268)?
-33
Let i(z) = -24305*z - 1604139. Give i(-66).
-9
Let g(q) = q**2 - 41614*q + 208048. Give g(5).
3
Let t(w) = -w**2 + 466*w + 312918. Give t(-373).
-29
Let p(u) = 2*u**2 + 682*u + 23055. What is p(-303)?
27
Let z(m) = -27*m**2 + 487*m + 975. Calculate z(-2).
-107
Let k(x) = -x**3 - 13*x**2 + 294*x - 245. Give k(11).
85
Let o(s) = 68*s**3 - 3*s**2 + 9*s + 15. Give o(-1).
-65
Let p(m) = 5*m**3 + 11*m**2 - 51*m - 45. Give p(-6).
-423
Let u(q) = 823*q - 8980. Calculate u(11).
73
Let q(g) = -2*g**2 - 96*g - 741. Determine q(-7).
-167
Let t(o) = 14*o**3 - 954*o**2 + 124*o + 766. Determine t(68).
-50
Let r(h) = 963*h + 17096. What is r(-14)?
3614
Let w(q) = -q**3 - 4*q**2 - 41*q - 38. What is w(-8)?
546
Let r(v) = v**3 - 16*v**2 - 97*v + 1729. Determine r(14).
-21
Let y(n) = 2*n**3 - 98*n**2 + 733*n - 105. Calculate y(9).
12
Let r(j) = -8*j**2 + 8848*j - 17695. Determine r(2).
-31
Let r(p) = -43*p**3 - 61578*p**2 - 2896*p - 45824. What is r(-1432)?
0
Let d(i) = 3*i**2 - 25*i - 26170. Determine d(-89).
-182
Let o(r) = 2*r**3 - 398*r**2 - 1213*r + 189. What is o(202)?
-13
Let u(v) = 1628*v - 13189. Determine u(8).
-165
Let c(i) = -3*i**3 - 102*i**2 - 285*i - 203. Give c(-31).
-17
Let i(m) = -592*m**2 + 3375*m + 19. Determine i(6).
-1043
Let d(x) = -118*x - 13698. Determine d(-117).
108
Let q(n) = -n**3 + 296*n**2 + 1496*n + 1967. What is q(301)?
-742
Let d(q) = 1434*q**3 + 7169*q**2 + 72*q + 365. Give d(-5).
-20
Let n(m) = 221*m - 53909. What is n(244)?
15
Let r(q) = -36*q**2 + 1657*q + 9983. What is r(-6)?
-1255
Let i(u) = -2*u**2 + 1012*u - 8949. Calculate i(9).
-3
Let j(a) = -a**2 - 1025*a - 56118. What is j(-58)?
-32
Let x(q) = -244*q - 53813. What is x(-221)?
111
Let b(q) = 1438*q + 267443. Give b(-186).
-25
Let t(q) = -1812*q**3 + 3*q**2 + 24*q + 21. Give t(-1).
1812
Let f(w) = w**2 + 922*w - 122720. What is f(118)?
0
Let h(q) = -q**2 - 2759*q + 270. Determine h(0).
270
Let z(v) = -v**3 + 54*v**2 + 386*v - 854. Calculate z(-9).
775
Let d(u) = 11*u**3 + 11*u**2 - 2488*u - 9953. Calculate d(-4).
-529
Let d(z) = -z**3 + 9*z**2 - 826*z +